+ 82792*s**2 - 13*s - 6810. Calculate c(-524).
2
Let n(a) = -1646*a - 106499. What is n(-65)?
491
Let z(l) = -75*l**3 - 34*l**2 + 11*l + 10. Give z(1).
-88
Let w(h) = -2*h**3 + 256*h**2 + 256*h + 1193. Give w(129).
935
Let n(s) = 4900949*s + 24504753. Give n(-5).
8
Let m(i) = -9882*i - 266916. Calculate m(-27).
-102
Let l(f) = f**3 + 37*f**2 + 187*f - 884. Determine l(-30).
-194
Let f(y) = 13574*y + 2198994. Calculate f(-162).
6
Let c(w) = -2*w**3 + 7*w**2 - 18*w - 195. Give c(-5).
320
Let m(j) = -9*j**3 - 3*j**2 - 145*j - 638. What is m(-4)?
470
Let d(h) = -9*h**3 + 137*h**2 - 45*h + 293. Give d(15).
68
Let z(r) = 4*r**2 - 6891*r - 41357. Give z(-6).
133
Let n(r) = -2*r**2 + 639*r - 9848. Determine n(16).
-136
Let q(g) = -g**2 - 110*g - 2512. Determine q(-80).
-112
Let v(c) = -1841*c**2 + 75509*c - 1147. What is v(41)?
1
Let z(x) = -x**3 + 365*x**2 + 5401*x - 35992. Calculate z(379).
13
Let p(o) = 3*o**3 - 343*o**2 + 105*o + 1032. What is p(114)?
6
Let i(b) = -b**3 - 66*b**2 + 98*b + 1026. Determine i(-67).
-1051
Let d(b) = -6*b**3 + 10*b**2 + 21*b + 100. What is d(-4)?
560
Let x(p) = 3*p**3 - 474*p**2 - 1446*p - 491. Calculate x(161).
-8
Let l(z) = -2*z**3 + 313*z**2 - 2807*z + 970. Give l(147).
-1088
Let p(u) = -u**3 + 146*u**2 + 279*u + 2516. What is p(148)?
0
Let d(u) = u**3 - 52*u**2 + 667*u - 1507. What is d(33)?
-187
Let r(j) = -j**3 + 112*j**2 - 524*j + 58. Give r(107).
1235
Let k(z) = -4*z**2 - 1006*z - 51935. What is k(-179)?
-25
Let i(o) = 82*o**3 - 492*o**2 + 4*o - 22. What is i(6)?
2
Let g(y) = -7290*y + 37161. What is g(5)?
711
Let s(m) = 3*m**3 + 116*m**2 + 590*m + 35928. Calculate s(-41).
-29
Let g(l) = l**3 + 34*l**2 - 937*l - 258. Give g(-52).
-206
Let g(d) = -2*d**3 + 29*d**2 - 23*d - 195. What is g(6)?
279
Let o(h) = -9*h**2 - 64945*h - 64940. Calculate o(-1).
-4
Let x(n) = 2*n**2 + 839*n - 114583. Determine x(-528).
-7
Let r(d) = d**3 - 37*d**2 - 41*d + 1379. Calculate r(37).
-138
Let v(o) = -15*o**2 - 1208*o + 169. Calculate v(-81).
-398
Let z(o) = o**3 - 59*o**2 + 30*o - 255. Give z(58).
-1879
Let f(n) = -8*n**2 - 974*n + 341. What is f(-121)?
1067
Let y(i) = 494*i**2 - 29149*i + 277. What is y(59)?
100
Let y(v) = 931132*v - 13035858. Give y(14).
-10
Let c(j) = 10849*j + 5966947. Calculate c(-550).
-3
Let w(a) = 571759*a - 571762. Determine w(1).
-3
Let l(w) = w**2 - 1304*w - 300807. What is l(-200)?
-7
Let o(v) = -3*v**2 + 14560*v - 246646. Give o(17).
7
Let k(w) = -700*w + 2197. Give k(3).
97
Let n(r) = -495*r**3 - 3959*r**2 - 170*r - 1451. Determine n(-8).
-27
Let u(l) = -3*l**3 - 774*l**2 + l + 153. Determine u(-258).
-105
Let n(i) = -266242*i - 1597467. Calculate n(-6).
-15
Let m(k) = k**3 - 170*k**2 - 416*k + 12404. What is m(172)?
20
Let b(h) = 2*h**3 + 455*h**2 + 4144*h - 230. What is b(-218)?
-666
Let s(q) = -805*q - 7546. Calculate s(-10).
504
Let c(w) = -1282*w + 444886. Give c(347).
32
Let h(l) = 5*l**3 - 27*l**2 - 70*l + 389. What is h(5)?
-11
Let r(z) = 2*z**2 - 166*z - 5769. What is r(111)?
447
Let s(a) = -12*a**3 - 1406*a**2 - 231*a + 344. Determine s(-117).
-7
Let r(c) = -1412*c**3 - 162*c**2 - 9*c - 12. Calculate r(-1).
1247
Let c(s) = -2*s**2 + 87*s - 890. What is c(15)?
-35
Let w(r) = 8*r**2 + 7*r - 156. Give w(10).
714
Let j(o) = 18*o**3 + 424*o**2 - 4867*o - 109. What is j(-32)?
-13
Let c(f) = 14*f**3 - 34*f**2 - 35*f - 17. Determine c(-6).
-4055
Let y(l) = -1951*l - 68989. Give y(-36).
1247
Let m(b) = 38339*b + 76742. Give m(-2).
64
Let p(q) = 2*q**2 + 8*q - 9152. What is p(61)?
-1222
Let i(y) = -y**2 - 207*y + 15500. Give i(54).
1406
Let y(w) = -2*w**3 - 15*w**2 + 28*w + 83. Calculate y(-7).
-162
Let i(h) = h**3 + 106*h**2 - 240*h - 36227. What is i(-105)?
-2
Let k(m) = m**2 + 34*m - 5945. What is k(55)?
-1050
Let b(i) = -63*i**2 - 8885*i - 204. What is b(-141)?
78
Let z(s) = -62*s - 634. What is z(-34)?
1474
Let h(q) = q**3 + 53*q**2 + 317*q + 151. Calculate h(-47).
-1494
Let l(r) = -6*r**2 - 1411*r + 3372. Give l(-237).
765
Let m(a) = a**2 - 4146*a + 212890. Calculate m(52).
2
Let f(n) = 67011*n**2 - 5762949*n + 262. Calculate f(86).
4
Let z(f) = -f**3 + 67*f**2 + 1029*f - 78095. Give z(64).
49
Let t(d) = 343*d + 1330. What is t(-6)?
-728
Let d(y) = -y**2 - 207*y - 8549. Give d(-57).
1
Let i(v) = -2407*v - 295920. Give i(-123).
141
Let l(o) = 1249*o**3 - o**2 + o + 3. Give l(-1).
-1248
Let k(f) = -375*f**2 + 1116*f - 721. Give k(2).
11
Let o(m) = -938*m + 11223. What is o(12)?
-33
Let q(t) = 2*t**3 - 105*t**2 - 567*t - 1. Give q(-5).
-41
Let j(q) = -12*q**2 + 1017*q + 4944. Determine j(-5).
-441
Let u(h) = -136*h - 6817. What is u(-56)?
799
Let y(v) = -2*v**3 + 2*v**2 + 151*v - 601. Calculate y(4).
-93
Let i(x) = -220*x + 14552. Give i(67).
-188
Let n(q) = 24*q**2 - 16855*q + 198801. What is n(12)?
-3
Let t(q) = -q**3 - 2518*q**2 + 22747*q - 15. Give t(9).
21
Let p(f) = -5*f**3 - 10*f**2 + 231*f - 156. Determine p(10).
-3846
Let y(f) = 112*f + 11667. What is y(-104)?
19
Let f(s) = 605*s - 130669. Determine f(216).
11
Let z(k) = 366*k + 40467. Calculate z(-111).
-159
Let a(t) = 10799*t + 1717056. Calculate a(-159).
15
Let h(m) = 1031*m**2 + 6399*m - 6400. What is h(1)?
1030
Let t(k) = 2*k**2 - 47*k + 130. What is t(-2)?
232
Let b(r) = -2*r**3 + 117*r**2 - 1308*r + 138. Give b(15).
93
Let f(j) = j**3 - 44*j**2 - 269*j + 3029. What is f(48)?
-667
Let t(n) = 119785*n - 1317627. Calculate t(11).
8
Let w(a) = 5214*a**2 + 93848*a - 77. Give w(-18).
-5
Let y(o) = -2*o**2 - 407*o - 4696. Determine y(-13).
257
Let c(m) = 810*m**2 + 8928*m + 204. Give c(-11).
6
Let y(c) = c**3 + 3133*c**2 - 78996*c + 1152. What is y(25)?
2
Let r(t) = t**3 - 252*t**2 + 1278*t - 10631. Calculate r(247).
-10
Let m(j) = 100*j**3 + 7*j**2 + 42*j + 105. Give m(-3).
-2658
Let z(x) = x**3 - 3328*x + 38252. What is z(12)?
44
Let o(r) = 12*r**3 + 12*r**2 - 134*r - 306. Give o(-2).
-86
Let q(o) = 1554*o - 198457. Give q(128).
455
Let t(x) = 51*x**2 + 2557*x + 363. What is t(-50)?
13
Let z(i) = 1883*i + 7566. What is z(-4)?
34
Let i(s) = -5*s**2 + 104*s + 932. Calculate i(-7).
-41
Let i(a) = 18*a**3 - 12*a**2 - 43*a + 3. Calculate i(4).
791
Let k(v) = -v**2 + 78*v + 764. Calculate k(90).
-316
Let v(h) = 8*h**2 + 484*h - 8903. What is v(19)?
3181
Let x(v) = -3*v**3 - 44*v**2 + 4*v + 229. Determine x(-14).
-219
Let r(v) = -95*v**2 - 41345*v - 90922. Calculate r(-433).
8
Let u(i) = -85*i**2 + 1106*i + 69. What is u(14)?
-1107
Let g(y) = 2*y**3 + 571*y**2 + 263*y - 6246. Give g(-285).
24
Let h(c) = 19*c**2 - 758*c - 2476. Calculate h(43).
61
Let h(a) = 190559*a - 1905596. What is h(10)?
-6
Let t(m) = -56*m**2 + 4479*m + 238. Give t(80).
158
Let b(o) = -17355*o - 86766. Determine b(-5).
9
Let o(h) = 2*h**2 + 6632*h + 38. Calculate o(0).
38
Let q(x) = -394*x + 33947. Determine q(86).
63
Let o(t) = 13402*t - 1098962. Give o(82).
2
Let j(l) = 2*l**2 + 590*l + 2314. Give j(-4).
-14
Let r(h) = 20220*h - 2507286. Determine r(124).
-6
Let k(u) = -1577*u + 89859. Determine k(57).
-30
Let c(o) = 2*o**3 - 16*o**2 + 105*o - 432. What is c(5)?
-57
Let t(h) = 17*h**3 - 876*h**2 - 555*h + 7248. What is t(52)?
20
Let a(p) = -63*p**3 - 631*p**2 - 10*p - 50. Calculate a(-10).
-50
Let r(t) = 24*t**3 + 5003*t**2 - 7768*t + 429. Calculate r(-210).
9
Let m(o) = -223*o - 367. Determine m(-9).
1640
Let q(b) = -b**2 - 5004*b + 1024595. What is q(197)?
-2
Let j(d) = 12*d**2 + 69*d - 234. Give j(-11).
459
Let z(t) = t**2 - 68*t + 866. What is z(66)?
734
Let v(j) = j**3 + 8*j**2 - 49*j - 304. What is v(-9)?
56
Let z(u) = u**3 - 3*u**2 - 1418*u + 20664. Give z(18).
0
Let h(q) = -4*q**3 + 10*q**2 + 43*q - 134. What is h(4)?
-58
Let v(p) = 31*p**3 - 5*p**2 + 301*p + 669. Give v(-2).
-201
Let v(a) = -9*a**2 - 1638*a + 14571. What is v(9)?
-900
Let k(q) = 172*q**2 + 31304*q - 31304. Determine k(1).
172
Let w(j) = -2*j**2 + 2820*j + 22690. What is w(-8)?
2
Let s(i) = 2*i**2 - 251*i + 2559. What is s(90)?
-3831
Let c(d) = -5047*d + 259112. Calculate c(51).
1715
Let v(h) = h**3 + 8025*h**2 + 120152*h + 35. Calculate v(-15).
5
Let b(w) = -5*w**3 + 29*w**2 + 3*w - 66. Determine b(6).
-84
Let r(c) = -6940*c + 125594. What is r(18)?
674
Let l(n) = -2*n**3 + 277*n**2 + 118172*n + 640. Determine l(322).
-4
Let r(d) = d**3 + d**2 - 62*d + 27. What is r(6)?
-93
Let y(l) = -l*